common factor of w and 98.
14
Suppose 9*q = 2*q + 182. Let d(i) = -i**3 - i**2 + 8*i + 5. Let b be d(-5). Calculate the greatest common factor of q and b.
13
Let v be ((-38)/6)/((-3)/99). What is the greatest common factor of v and 19?
19
Let j be (-10)/(-4) + 3/(-2). What is the greatest common divisor of j and 9?
1
Let z = 162 + -87. Suppose -3*k - z = -8*k. Suppose -53 = -5*r + 2*i - 9, -5*i = 3*r - 45. What is the highest common factor of r and k?
5
Let s = -5 + 10. Suppose 0 = -3*m + s*n + 29, -m + 0*n - 3*n = -5. Let a(b) = 2*b**2 + b + 1. Let t be a(-3). What is the greatest common divisor of m and t?
8
Let l(i) = 5*i**2 + 5*i. Let u be l(2). Calculate the greatest common divisor of u and 60.
30
Let n be (0 + 1)*(-8 - -34). Let f = 74 + -9. Calculate the greatest common factor of f and n.
13
Suppose 15*z = 30*z - 165. Let r = 14 + 8. What is the highest common factor of r and z?
11
Let g be 5/(-15) + (-62)/(-6). Let n = 15 + -5. What is the greatest common divisor of n and g?
10
Let v be 109*2/(4/2). Suppose 4*q - 325 = -v. Let b = 14 - 8. What is the greatest common divisor of b and q?
6
Let i(n) = -n + 6. Let x(l) = 2*l - 7. Let b(o) = 5*i(o) + 4*x(o). Let f be b(-2). Let t be f/6 - (-204)/9. Calculate the highest common divisor of 2 and t.
2
Suppose 6*i = i - 2*v - 132, -3*i - 2*v = 76. Let f be (i/(-12))/(-1)*-54. Calculate the greatest common divisor of 14 and f.
14
Suppose 0 = -3*w + 8 - 2. Suppose 0*a = -w*a. Suppose -3*g + a*g = -45. Calculate the highest common factor of g and 60.
15
Suppose w + 4*d - 10 = -0, -2*d = w - 10. Let u = -260 + 370. Let q be u + (1 - 0) - 1. Calculate the highest common factor of q and w.
10
Let b(g) = g**3 - 3*g**2 - 2*g - 1. Let z be b(4). Suppose 0 = -k, -2*t - 420 = -z*t - 2*k. Calculate the highest common factor of t and 12.
12
Let v(j) = 3*j - 12. Let q be v(6). Let f(z) = -z**3 + 5*z**2 + 7*z + 7. Let y be f(q). Calculate the greatest common factor of y and 39.
13
Let k be (0 + 2)/(14/21). What is the highest common divisor of 6 and k?
3
Suppose 376 = 8*h - 456. What is the greatest common divisor of h and 13?
13
Let v(p) = 9*p**2 + p + 2. Let k be v(-2). What is the greatest common divisor of 9 and k?
9
Let g(p) be the first derivative of 5*p - 5*p - 2 + 27*p**2. Let n be g(1). What is the highest common divisor of 6 and n?
6
Let h(i) = -5*i + 2*i - 7*i - 2 - 8. Let s be h(-7). Calculate the greatest common factor of s and 15.
15
Suppose -2*t + 12 = 2*t. Calculate the greatest common factor of t and 3.
3
Let l(p) = -p**3 + 15*p**2 - 12*p - 26. Let d be l(14). What is the greatest common divisor of d and 26?
2
Let b(a) = a**3 + 5*a**2 - 5*a + 2. Let t be b(-6). Let r = 0 - t. What is the greatest common factor of 1 and r?
1
Suppose 2 + 4 = -3*u. Let i(g) = 2*g**2 + g - 2. Let d be i(u). Calculate the highest common factor of 16 and d.
4
Suppose 2*g + 3 = 2*v + 1, -3*g = -5*v - 3. Let a(x) = 5*x - 113. Let n be a(0). Let z = v - n. Calculate the greatest common divisor of z and 10.
10
Let m(a) = a**3 - 7*a**2 - 8*a + 2. Let y be m(8). Let z be y/1 + 50*3. Calculate the highest common factor of 19 and z.
19
Let i = 48 - -56. Let j = 64 + i. Calculate the highest common factor of 21 and j.
21
Let l(j) = j**2 - 6*j. Let q be l(7). Let t = 11 - q. What is the highest common divisor of 28 and t?
4
Suppose -2*p - y = 9 - 55, 23 = p - 5*y. Let t = p - 13. Calculate the greatest common factor of 80 and t.
10
Let m(z) = z**3 + 4*z**2 - 8*z - 6. Let w be m(-5). Suppose 0 = -8*n + w*n - 126. Calculate the highest common factor of 18 and n.
18
Suppose -4*r = 2*h - 20, 18 = -5*h - r + 50. Let v(c) = 5 + 8*c - 5. Let d be v(6). What is the highest common divisor of d and h?
6
Let o(k) = 2*k**2 - 7*k + 4. Let f be o(4). Let a(j) = j**2 - 5*j - 11. Let r be a(f). What is the greatest common factor of 52 and r?
13
Let c(j) = -j + 13. Let x be c(10). Let i = x - 1. Suppose -6 + 2 = -i*b, 4*m + 3*b = 438. Calculate the greatest common factor of 12 and m.
12
Let h(p) = -p**3 + 11*p**2 + p + 1. Let g be h(11). Calculate the greatest common factor of g and 36.
12
Suppose 2*f = -7 + 177. What is the greatest common factor of f and 17?
17
Let a be (-6)/(-9) - (-16)/(-6). Let s be 0 + (a - -1) + 0. Let v be ((-13)/s)/(1 + 0). Calculate the greatest common factor of v and 13.
13
Let p be (4/(-6))/(4/324). Let z be p/7 + 4/(-14). Let i be (2 + z)/(6/(-52)). Calculate the highest common divisor of i and 13.
13
Let n(x) = 2*x + 42. Let m be n(-6). Calculate the greatest common factor of 75 and m.
15
Suppose -4*j + 0 = -4, -87 = -5*g + 3*j. What is the highest common factor of g and 126?
18
Suppose 5*j = b - 3*b + 24, 5*b - 2*j = 60. What is the highest common factor of b and 24?
12
Suppose -6*z + 35 = s - 2*z, -4*z + 54 = 2*s. Let w be 166/6 + (-4)/6. Let y = w - s. What is the highest common divisor of 24 and y?
8
Suppose -91*v - 42 = -94*v. Calculate the highest common divisor of v and 2.
2
Let c be 1/(156/51 - 3). Calculate the greatest common factor of c and 136.
17
Suppose 2*g = 0, -g + 75 = 3*v - 0. Suppose -1 - v = 2*x. Let t = x - -20. What is the highest common divisor of t and 7?
7
Let x = 25 + -18. Suppose 5*s - 4*m = -m + 30, s + x = -2*m. Suppose 0 = -s*q + 204 - 54. Calculate the highest common factor of q and 20.
10
Let d be (-1 + 5/(-7))*(-12 - 30). Calculate the greatest common divisor of 9 and d.
9
Let q = -21 - -31. What is the highest common factor of q and 80?
10
Let b = -19 + 28. Calculate the greatest common factor of b and 9.
9
Let g be 2010/21 + (-2)/(-7). What is the greatest common factor of g and 12?
12
Let w be -5 - (-26 + 1 - -3). Calculate the highest common factor of 221 and w.
17
Let f(a) = -a + 7. Let c be f(4). Calculate the greatest common factor of c and 24.
3
Suppose h - 66 = -5*n + 7, -h = -n + 17. Let q = 16 + -14. Suppose 3*b + q - 17 = -5*l, -4*l - 12 = 0. What is the greatest common divisor of n and b?
5
Suppose 3*k = -3*u + 60, -2*k - u + 20 = -3*u. Suppose 3 + k = c. Suppose -3*v + 0*m = -5*m - 1, m + 5 = 3*v. Calculate the greatest common divisor of v and c.
2
Suppose 27 + 5 = 4*w. Let d = 14 - w. What is the greatest common divisor of 42 and d?
6
Suppose 5*x + 5*k - 860 = 0, -100 = -x - 4*k + 78. What is the highest common divisor of x and 68?
34
Let u(g) = -g**2 + 11*g - 2. Let y be u(10). Calculate the greatest common factor of 72 and y.
8
Let o(i) = 6*i + 2. Let a be o(6). Let h be (a/8)/((-7)/(-28)). Calculate the highest common divisor of 19 and h.
19
Suppose -24 = 3*f - 576. Calculate the highest common factor of f and 8.
8
Suppose 2*w = 4*w + 20. Let i be ((-6)/10)/((-2)/w). Let u be (i/(-9))/((-2)/(-66)). What is the highest common factor of 121 and u?
11
Let k = -10 - -19. Let c(r) = -5*r - 4. Let t be c(3). Let s = t + 82. Calculate the highest common factor of k and s.
9
Let k be ((-77)/7)/((-2)/4). Calculate the greatest common divisor of k and 110.
22
Let k(p) = 1 - p**2 + 2*p + 2*p + 1. Let u be k(4). Suppose 5*a = n - 30, -2*n = -5*n - u*a + 141. What is the highest common divisor of 30 and n?
15
Let b(u) = -5*u**3 + 1. Let z be b(1). Let r be (2/z)/(-1)*10. Suppose 78 + 32 = 2*g. Calculate the greatest common divisor of g and r.
5
Suppose 151 = v + 4*v - x, -3*v = -x - 91. Calculate the greatest common factor of v and 12.
6
Suppose -o - 5 = -20. What is the highest common factor of 165 and o?
15
Let j(z) = 132*z**2 + 2*z + 2. Let d be j(-1). Calculate the greatest common divisor of 12 and d.
12
Let t = 28 - 14. What is the greatest common factor of 7 and t?
7
Let l = -29 + 30. Calculate the highest common factor of 5 and l.
1
Let u be 36*((-1)/(-4) - 1). Let y = 43 + u. Suppose 3*r - 332 = -4*q, 3*q - r - 232 = r. What is the highest common factor of y and q?
16
Suppose -2*g + 3*g = o + 115, -5*o = -3*g + 353. Let u = -12 - -17. Suppose u*x = 461 - g. Calculate the greatest common divisor of x and 7.
7
Let b(h) = h**3 + 5*h**2 - 9*h. Let u be b(-5). Calculate the highest common factor of 5 and u.
5
Suppose -t + 60 = 4*p, 2*p - 49 = t - 19. Let k(g) = g**2 + 4*g. Let j be k(-10). What is the greatest common factor of p and j?
15
Let n = 3 + -1. Suppose -3*k - d = n*d + 9, 4*k + d - 3 = 0. Suppose o = k - 0. What is the greatest common divisor of o and 18?
